{"id":1144,"date":"2025-11-05T09:46:22","date_gmt":"2025-11-05T08:46:22","guid":{"rendered":"https:\/\/mariechristineaubert.com\/?page_id=1144"},"modified":"2026-03-06T13:01:38","modified_gmt":"2026-03-06T12:01:38","slug":"https-mariechristineaubert-com-index-php-mentions-legales","status":"publish","type":"page","link":"https:\/\/mariechristineaubert.com\/index.php\/https-mariechristineaubert-com-index-php-mentions-legales\/","title":{"rendered":"MENTIONS LEGALES"},"content":{"rendered":"<p><span data-olk-copy-source=\"MessageBody\">\ud83c\uddeb\ud83c\uddf7\u00a0<\/span><\/p>\n<h1><strong><span style=\"font-size: 24px;\">Mentions l\u00e9gales<\/span><\/strong><\/h1>\n<p>\u00c9diteur du site\u00a0 : Marie-Christine Aubert<\/p>\n<p>Adresse :\u00a0 adresse sur demande\u00a0<\/p>\n<p>E-mail :<span style=\"color: #0000ff;\"> auteur@mariechristineaubert.com<\/span><\/p>\n<p>H\u00e9bergeur<\/p>\n<p>OVHcloud<\/p>\n<p>2 rue Kellermann \u2013 59100 Roubaix \u2013 France<\/p>\n<p>Site :<span style=\"color: #0000ff;\">\u00a0<a style=\"color: #0000ff;\" title=\"https:\/\/www.ovhcloud.com\/\" href=\"https:\/\/www.ovhcloud.com\/\" data-auth=\"NotApplicable\" data-linkindex=\"0\" target=\"_blank\" rel=\"noopener\">www.ovhcloud.com<\/a><\/span><\/p>\n<h2><strong><span style=\"font-size: 24px;\">Propri\u00e9t\u00e9 intellectuelle<\/span><\/strong><\/h2>\n<p>Le contenu de ce site, incluant les textes, images, logos et \u00e9l\u00e9ments graphiques, est la propri\u00e9t\u00e9 exclusive de Marie-Christine Aubert, sauf mention contraire.<\/p>\n<p>Toute reproduction, distribution ou utilisation sans autorisation \u00e9crite pr\u00e9alable est interdite.<\/p>\n<h3><strong><span style=\"font-size: 24px;\">Responsabilit\u00e9<\/span><\/strong><\/h3>\n<p>L\u2019\u00e9diteur ne saurait \u00eatre tenu responsable des dommages directs ou indirects r\u00e9sultant de l\u2019acc\u00e8s au site ou de son utilisation.<\/p>\n<p>Les liens hypertextes vers d\u2019autres sites sont fournis \u00e0 titre informatif ; l\u2019\u00e9diteur n\u2019exerce aucun contr\u00f4le sur leur contenu.<\/p>\n<p>Protection des donn\u00e9es personnelles (RGPD)<\/p>\n<p>Les donn\u00e9es collect\u00e9es via les formulaires de contact sont utilis\u00e9es uniquement pour r\u00e9pondre aux messages re\u00e7us.<\/p>\n<p>Aucune information personnelle n\u2019est transmise \u00e0 des tiers.<\/p>\n<p>Conform\u00e9ment au R\u00e8glement G\u00e9n\u00e9ral sur la Protection des Donn\u00e9es (RGPD), vous pouvez demander la suppression de vos donn\u00e9es \u00e0 tout moment \u00e0 l\u2019adresse suivante : contact@mariechristineaubert.com.<\/p>\n","protected":false},"excerpt":{"rendered":"<p>\ud83c\uddeb\ud83c\uddf7\u00a0 Mentions l\u00e9gales \u00c9diteur du site\u00a0 : Marie-Christine Aubert Adresse :\u00a0 adresse sur demande\u00a0 E-mail : auteur@mariechristineaubert.com H\u00e9bergeur OVHcloud 2 rue Kellermann \u2013 59100 Roubaix \u2013 France Site :\u00a0www.ovhcloud.com Propri\u00e9t\u00e9 intellectuelle Le contenu de ce site, incluant les textes, images, logos et \u00e9l\u00e9ments graphiques, est la propri\u00e9t\u00e9 exclusive de Marie-Christine Aubert, sauf mention contraire. Toute &hellip; <\/p>\n<p class=\"link-more\"><a href=\"https:\/\/mariechristineaubert.com\/index.php\/https-mariechristineaubert-com-index-php-mentions-legales\/\" class=\"more-link\">Continuer la lecture<span class=\"screen-reader-text\"> de &laquo;&nbsp;MENTIONS LEGALES&nbsp;&raquo;<\/span><\/a><\/p>\n","protected":false},"author":1,"featured_media":0,"parent":0,"menu_order":0,"comment_status":"closed","ping_status":"closed","template":"","meta":{"footnotes":""},"class_list":["post-1144","page","type-page","status-publish","hentry"],"lang":"fr","translations":{"fr":1144,"en":1153,"es":1157,"de":1160},"pll_sync_post":[],"_links":{"self":[{"href":"https:\/\/mariechristineaubert.com\/index.php\/wp-json\/wp\/v2\/pages\/1144","targetHints":{"allow":["GET"]}}],"collection":[{"href":"https:\/\/mariechristineaubert.com\/index.php\/wp-json\/wp\/v2\/pages"}],"about":[{"href":"https:\/\/mariechristineaubert.com\/index.php\/wp-json\/wp\/v2\/types\/page"}],"author":[{"embeddable":true,"href":"https:\/\/mariechristineaubert.com\/index.php\/wp-json\/wp\/v2\/users\/1"}],"replies":[{"embeddable":true,"href":"https:\/\/mariechristineaubert.com\/index.php\/wp-json\/wp\/v2\/comments?post=1144"}],"version-history":[{"count":8,"href":"https:\/\/mariechristineaubert.com\/index.php\/wp-json\/wp\/v2\/pages\/1144\/revisions"}],"predecessor-version":[{"id":1899,"href":"https:\/\/mariechristineaubert.com\/index.php\/wp-json\/wp\/v2\/pages\/1144\/revisions\/1899"}],"wp:attachment":[{"href":"https:\/\/mariechristineaubert.com\/index.php\/wp-json\/wp\/v2\/media?parent=1144"}],"curies":[{"name":"wp","href":"https:\/\/api.w.org\/{rel}","templated":true}]}}