{"id":1160,"date":"2025-11-05T10:05:28","date_gmt":"2025-11-05T09:05:28","guid":{"rendered":"https:\/\/mariechristineaubert.com\/?page_id=1160"},"modified":"2026-03-06T13:26:37","modified_gmt":"2026-03-06T12:26:37","slug":"https-mariechristineaubert-com-index-php-de-impressum","status":"publish","type":"page","link":"https:\/\/mariechristineaubert.com\/index.php\/de\/https-mariechristineaubert-com-index-php-de-impressum\/","title":{"rendered":"IMPRESSUM"},"content":{"rendered":"<p><span data-olk-copy-source=\"MessageBody\">\ud83c\udde9\ud83c\uddea\u00a0<\/span><\/p>\n<h1><strong>Impressum<\/strong><\/h1>\n<p>Herausgeberin der Website : Marie-Christine Aubert<\/p>\n<p>Adresse:\u00a0 \u201eauf Anfrage erh\u00e4ltlich\u201c<\/p>\n<p>E-Mail\u00a0 : <span style=\"color: #0000ff;\">auteur@mariechristineaubert.com<\/span><\/p>\n<p>Hosting-Anbieter :<span style=\"color: #000000;\"> OVHcloud<\/span><\/p>\n<p>2 rue Kellermann \u2013 59100 Roubaix \u2013 Frankreich<\/p>\n<p>Website:<span style=\"color: #0000ff;\">\u00a0<a style=\"color: #0000ff;\" title=\"https:\/\/www.ovhcloud.com\/\" href=\"https:\/\/www.ovhcloud.com\/\" data-auth=\"NotApplicable\" data-linkindex=\"2\" target=\"_blank\" rel=\"noopener\">www.ovhcloud.com<\/a><\/span><\/p>\n<h2><strong><span style=\"font-size: 24px;\">Urheberrecht<\/span><\/strong><\/h2>\n<p>Alle Inhalte dieser Website (Texte, Bilder, Logos, Grafiken) sind ausschlie\u00dfliches Eigentum von Marie-Christine Aubert, sofern nicht anders angegeben.<\/p>\n<p>Jegliche Vervielf\u00e4ltigung oder Verbreitung ohne vorherige schriftliche Genehmigung ist untersagt.<\/p>\n<h3><strong><span style=\"font-size: 24px;\">Haftungsausschluss<\/span><\/strong><\/h3>\n<p>Die Herausgeberin \u00fcbernimmt keine Haftung f\u00fcr direkte oder indirekte Sch\u00e4den, die aus dem Zugriff auf diese Website oder deren Nutzung entstehen.<\/p>\n<p>Externe Links dienen nur zur Information; die Herausgeberin hat keinen Einfluss auf deren Inhalt.<\/p>\n<p>Datenschutz (DSGVO)<\/p>\n<p>\u00dcber Kontaktformulare erhobene Daten werden ausschlie\u00dflich zur Beantwortung von Anfragen verwendet.<\/p>\n<p>Es werden keine personenbezogenen Daten an Dritte weitergegeben.<\/p>\n<p>Gem\u00e4\u00df der DSGVO k\u00f6nnen Sie jederzeit die L\u00f6schung Ihrer Daten per E-Mail anfordern: contact@mariechristineaubert.com.<\/p>\n<p>&nbsp;<\/p>\n","protected":false},"excerpt":{"rendered":"<p>\ud83c\udde9\ud83c\uddea\u00a0 Impressum Herausgeberin der Website : Marie-Christine Aubert Adresse:\u00a0 \u201eauf Anfrage erh\u00e4ltlich\u201c E-Mail\u00a0 : auteur@mariechristineaubert.com Hosting-Anbieter : OVHcloud 2 rue Kellermann \u2013 59100 Roubaix \u2013 Frankreich Website:\u00a0www.ovhcloud.com Urheberrecht Alle Inhalte dieser Website (Texte, Bilder, Logos, Grafiken) sind ausschlie\u00dfliches Eigentum von Marie-Christine Aubert, sofern nicht anders angegeben. Jegliche Vervielf\u00e4ltigung oder Verbreitung ohne vorherige schriftliche Genehmigung ist &hellip; <\/p>\n<p class=\"link-more\"><a href=\"https:\/\/mariechristineaubert.com\/index.php\/de\/https-mariechristineaubert-com-index-php-de-impressum\/\" class=\"more-link\">Continuer la lecture<span class=\"screen-reader-text\"> de &laquo;&nbsp;IMPRESSUM&nbsp;&raquo;<\/span><\/a><\/p>\n","protected":false},"author":1,"featured_media":0,"parent":0,"menu_order":0,"comment_status":"closed","ping_status":"closed","template":"","meta":{"footnotes":""},"class_list":["post-1160","page","type-page","status-publish","hentry"],"lang":"de","translations":{"de":1160,"en":1153,"fr":1144,"es":1157},"pll_sync_post":[],"_links":{"self":[{"href":"https:\/\/mariechristineaubert.com\/index.php\/wp-json\/wp\/v2\/pages\/1160","targetHints":{"allow":["GET"]}}],"collection":[{"href":"https:\/\/mariechristineaubert.com\/index.php\/wp-json\/wp\/v2\/pages"}],"about":[{"href":"https:\/\/mariechristineaubert.com\/index.php\/wp-json\/wp\/v2\/types\/page"}],"author":[{"embeddable":true,"href":"https:\/\/mariechristineaubert.com\/index.php\/wp-json\/wp\/v2\/users\/1"}],"replies":[{"embeddable":true,"href":"https:\/\/mariechristineaubert.com\/index.php\/wp-json\/wp\/v2\/comments?post=1160"}],"version-history":[{"count":6,"href":"https:\/\/mariechristineaubert.com\/index.php\/wp-json\/wp\/v2\/pages\/1160\/revisions"}],"predecessor-version":[{"id":1918,"href":"https:\/\/mariechristineaubert.com\/index.php\/wp-json\/wp\/v2\/pages\/1160\/revisions\/1918"}],"wp:attachment":[{"href":"https:\/\/mariechristineaubert.com\/index.php\/wp-json\/wp\/v2\/media?parent=1160"}],"curies":[{"name":"wp","href":"https:\/\/api.w.org\/{rel}","templated":true}]}}